 4/14. Suppose -f*w + 44 - 17 = 0. Calculate b(w).
6
Let v(i) = 8*i + 2. Let m = 117 + -126. Let w = m - -8. Give v(w).
-6
Let m(w) = w**2 + 18*w - 2. Let o be (3*-4)/((-2)/(-16)*1). Let f = 78 + o. Let n be m(f). Let z(s) = s**2 + 3*s + 2. Calculate z(n).
0
Let p(g) = 0 - 14*g - 23*g - 5 + 3 - 24*g. Calculate p(-1).
59
Let a(x) be the first derivative of -x**3/3 - 17*x - 5299. Calculate a(0).
-17
Let r = -3 - -2. Let c(p) = -5*p**2 - 484*p + 6*p**2 + 249*p + 5*p**3 + 235*p. What is c(r)?
-4
Let i(b) = -95*b**2 - 18*b + 35. Let w(t) = 32*t**2 + 1. Let q(y) = i(y) + 3*w(y). Determine q(16).
6
Let f(c) be the third derivative of c**8/6720 - c**7/630 - c**6/360 + c**5/24 + 109*c**4/24 + 7*c**2. Let z(d) be the second derivative of f(d). Calculate z(4).
-3
Let j = -22 - -12. Let p(s) be the second derivative of 13*s + s**2 - 1/20*s**5 - 3/4*s**4 + 0 + 11/6*s**3. Calculate p(j).
-8
Let h(p) = 11*p - p**2 + 11*p + p - 11*p + 33. Determine h(-2).
5
Let s be (-1 + -2)*(2 - 5). Let c be (-11 - -10)/(1/(-9)). Let j(p) = -36*p + c*p + 12*p + 14*p. Calculate j(s).
-9
Let b(q) be the second derivative of q**3/6 - 9*q**2 + 19*q + 41. What is b(4)?
-14
Let i(o) = 19*o - 212. Let q(k) = k**3 + 4*k**2 - 24*k - 10. Let a be q(-7). Give i(a).
-3
Let o(q) = -2*q + q**2 + 3*q**2 + 2 - q**3 + 0*q. Let y be (1673/(-239) - 19/(-5))/(8/(-10)). Calculate o(y).
-6
Let v(f) = -2*f + 3*f - 2*f. Let k be (122 - 121)/(-1 + 24/21). Determine v(k).
-7
Let n(d) = d - 5. Let t(m) = -m + 4. Let v(p) = 3*n(p) + 4*t(p). Suppose 66*g + 4*g - 142 = -g. Give v(g).
-1
Suppose 5*n + 182 - 177 = 0. Let h be (3 + -6 + 4)*(0 - n). Let a(w) = 10*w**2 + 1. Calculate a(h).
11
Let m(v) = v**2 - 7*v + 1. Let g be 1 + 0 - (-3 + -22)*-1. Let s = 31 + g. Calculate m(s).
1
Suppose -2*f = -y - 5, 86*f + 12 = 90*f - 4*y. Let m(s) = 5*s**2 - 7*s**2 + 8 + 7*s - 6*s**2 + 9*s**f. What is m(-3)?
-4
Let g(r) be the third derivative of r**4/12 - 79*r**3/6 - 5*r**2 + 434*r + 2. Give g(11).
-57
Let p(h) = -h**3 - h**2 - h + 7. Let s be 144/(-27)*66/176. Calculate p(s).
13
Suppose -124 - 62 = 6*p. Let x = p + 29. Let f(o) be the second derivative of o**5/20 + o**4/6 - o**3/2 - o**2 - 2*o - 19. Determine f(x).
4
Suppose 78 + 30 = 27*a. Let w be (-306)/(-270) + a/(-30). Let o(f) = 19*f**2 + 1. Determine o(w).
20
Let t(c) be the third derivative of -c**5/60 + 8*c**3/3 - 4*c**2 - 21*c. Calculate t(7).
-33
Let b(q) = 36*q - 5*q - 8*q - 11 + q - 12*q. Determine b(1).
1
Let g(r) = -2*r - 2. Let a be g(-3). Let j be (-62)/(-3) - -3 - (-64)/48. Suppose a*l - j = s, -s + 3*l = -4*s. Let n(y) = -y**2 - 5*y + 2. Give n(s).
2
Let t = -24 + 60. Suppose -3*l - g = -2*l - 15, 2*l + 4*g = t. Let z(h) = h**3 - 12*h**2 + 2*h - 23. Let i be z(l). Let j(x) = -3*x**2. Calculate j(i).
-3
Suppose 0 = -9*q - 4*q + 5811. Let m = 452 - q. Let v(g) = g - 4. What is v(m)?
1
Let g(z) = -z**2 + 3*z. Suppose 3*u = 4*j - 15, -5*j + 3 + 12 = 0. Suppose 0 = 5*b - 25, 3*t - 5*b - 3 - 2 = 0. Let w be 6/t + u - (-770)/175. What is g(w)?
-4
Suppose -11 - 1 = 2*c. Let s(m) = 24 + 147*m - 11 - 15 - 145*m. Give s(c).
-14
Suppose -179 + 435 = 8*q. Let x(m) = -q - 29*m - 23*m + 29 + 48*m. Calculate x(5).
-23
Let a(f) = -609*f**2 - 31*f + 614*f**2 + 8*f + 17. Let r(w) = -3*w**2 + 15*w - 11. Let z(i) = 5*a(i) + 8*r(i). Let b = -7 - 0. Give z(b).
11
Let a(t) = -3*t + 19. Let v be a(4). Suppose -v = 6*y - 79. Let d(x) = 8*x**2 - x - y*x**2 - 12*x**2. Calculate d(-1).
-15
Let h(m) = 2459*m + 9837. Let c be h(-4). Let z(t) = -7*t + 3. Give z(c).
-4
Let v(f) = -f**2 + 11*f - 4. Suppose -3*j = -2*m - 36, -4*m + 11 - 23 = 0. What is v(j)?
6
Let x(f) = 255 - 126 - 55*f - 131 + 63*f - f**2. Suppose -2*c = -3*c + 7. What is x(c)?
5
Let t(a) be the second derivative of -a**5/120 - 11*a**4/24 + 25*a**3/6 - 21*a. Let f(n) be the second derivative of t(n). Calculate f(0).
-11
Let k(p) be the third derivative of -5*p**4/24 + 2*p**3/3 - 2*p**2 - 177. Calculate k(4).
-16
Let r(q) = -6*q + 13. Let z(y) = -11*y - 11*y + 35*y + 15 - 19*y. Let h(a) = 7*r(a) - 6*z(a). Give h(1).
-5
Let b(k) = 10*k - 40. Let o(p) = -48*p + 2307. Let h be o(48). Give b(h).
-10
Let s(d) = -3*d**2 + 0*d**2 - 119*d**3 - 1 - 638*d + 3*d**2 + 640*d. Calculate s(1).
-118
Let l = -67 + 69. Let h(p) = -19*p**2 + 27*p**2 - l - 4*p**2 + 2*p - p**3. Give h(4).
6
Let d(g) = 0*g**3 + g + 3*g**3 - 2 - 2*g**3. Suppose 0 = 8*n - 2813 + 2813. Let a be d(n). Let x(q) = -q**3 - q**2 - 2*q - 3. Determine x(a).
5
Let h(j) = 2*j - 4. Let q be (-481)/(-104) - (-1)/8*3. Suppose 3*f - 34 = 3*w - 7*w, q*f + 3*w = 53. Give h(f).
16
Let q(r) be the second derivative of r**5/20 - r**4/3 - r**3/3 + r**2 + 1898*r. Suppose 0*w + 13 = -4*w - j, 5*w + 25 = -3*j. What is q(w)?
-18
Suppose -6*z = -11 - 1. Suppose z = 2*n + 6, -2*n + 368 = -4*b. Let y = b - -99. Let k(h) = h - 4. What is k(y)?
2
Suppose 9 = -r + 3*r + 3*b, -3*r + 5*b - 15 = 0. Let u(v) = -v**2 - 9*v + 26. Let f be u(-11). Let l(w) = 26 + w**2 - f - 10 - w - 7. What is l(r)?
5
Let w(l) be the second derivative of -3*l**2 + 1/20*l**5 + 5*l + 0*l**4 + 0*l**3 + 0. Let h(v) = -36*v. Let t be h(0). What is w(t)?
-6
Suppose 0 = -187*q + 184*q - l + 39, -2*l = -q - 29. Let b(u) = 1 + 2*u**2 - u**3 + 7*u - 2 + 4*u**2. Determine b(q).
-1
Let r(d) = -d**3 + 13*d**2 - 16*d - 2. Suppose -22*t = -5*g - 26*t + 88, 0 = -2*g - 2*t + 38. What is r(g)?
-50
Let c(o) = o**2 - 14*o - 4. Let v = -10437 - -10444. Calculate c(v).
-53
Let a(g) = 25*g - 8. Let v(o) = -31*o + 5. Let q(r) = -2*a(r) - 3*v(r). Give q(1).
44
Let o = -705 + 1165. Let z(g) = -459*g - o*g + 920*g. Suppose -10 = -5*x - 2*h, 2*h + 0*h + 4 = 2*x. What is z(x)?
2
Let v(o) = -2 - o**2 + 10 + o - 3*o. Let u = 5076 - 5080. Give v(u).
0
Let j(u) be the second derivative of 1/3*u**3 + 0 + 13/2*u**2 - 27*u. Determine j(-11).
-9
Let r(d) = 6*d - 68. Let u be (6/14)/((-782)/(-27370)). What is r(u)?
22
Let k(d) = 0 - 2 - 10 - 4*d. Let h be k(-2). Let l(o) = o + 2. Determine l(h).
-2
Let c(m) be the second derivative of -m**4/2 + 2*m**2 - 1069*m. Calculate c(3).
-50
Let i(g) = 5*g**3 + 4*g**2 - 5*g + 2. Let w(k) be the second derivative of -k**5/10 + 76*k. Let v(c) = i(c) + 3*w(c). Calculate v(4).
-18
Let o(l) = -l**3 - 5*l**2 - 7*l - 2. Let h be o(-2). Suppose -4*u + u - 6 = h. Let v be (-3 - -2)*u/(-2). Let b(n) = -n**3 + n**2. Calculate b(v).
2
Let y(k) = -235*k**2 - 248*k**2 + 724*k**2 + k - 239*k**2. What is y(2)?
10
Let r(n) be the third derivative of -n**4/2 + 5*n**3/2 - 48*n**2 + 5*n - 2. Determine r(-1).
27
Let h(g) = -4*g**2 - 2*g + 1. Let q = -18 + 18. Suppose q = -4*c + 14 + 6. Suppose 7*d - c*d = 4. What is h(d)?
-19
Let i be (21/9 + -2)*(-6)/2 + 10. Let u(y) = y**3 - 8*y**2 - 18*y - 2. Give u(i).
-83
Let a(g) be the first derivative of -5/3*g**3 - 25 + 4*g - 3/2*g**2 + 1/4*g**4. Calculate a(5).
-11
Let r(o) = o**3 + 8*o**2 + 5*o - 10. Let d be r(-7). Let h(t) = 97*t**2 + 6*t - 4. Let z be h(d). Let g(j) = -3*j**2 + z*j - 1572*j + 3 - j**3. Calculate g(-3).
3
Suppose 261*f = 262*f - 2. Let c(p) = p + p - 3*p + f. Determine c(4).
-2
Let r(j) = 2*j - 2. Let t(g) = 233*g**2 - 26 - 115*g**2 - 117*g**2 - 4*g. Let x be t(-3). What is r(x)?
-12
Let j be (-36)/(-144) - (-34)/(-8). Let u(c) = 9*c**2 + 6*c - 4. Let n(a) = 7*a**2 + 5*a - 4. Let z(s) = j*u(s) + 5*n(s). Calculate z(0).
-4
Let g(d) be the first derivative of -1/4*d**4 - 7/3*d**3 - 5/2*d**2 - 41 - 5*d. Let a be g(-6). Let t(j) = j**2 + 10*j - 11. Determine t(a).
0
Suppose 0*u - 16 = -4*f + u, -4*u - 31 = -5*f. Let k(c) = -c**3 + 3*c**2. Let l(n) = n**2. Let a(w) = f*l(w) + k(w). Suppose 12 = -3*q + 5*q. Calculate a(q).
0
Let p = -47 - -47. Let s(f) = f + 0 + 5 - 3 + p. Suppose -6*n - 1403 + 1391 = 0. Give s(n).
0
Let l(o) = 2*o**2 - o - 1. Suppose -85*y = -76*y - 252. Let h be -6 - (-35)/y*4. Determine l(h).
2
Let y(z) be the second derivative of -3*z**2 - 1/20*z**5 + 35*z + 0 - 2/3*z**3 + 1/2*z**4. What is y(4)?
10
Let x be 0 + 2/4*114. Suppose 0 = 2*q + 5*j - 36 - 3, 0 = 4*q + 3*j - x. Suppose -q = -4*f + f, 24 = -4*o + 2*f. Let z(g) = -g**2 - 3*g + 1. Calculate z(o).
-3
Let t(f) = f**3 + 5*f**2 - 7*f + 2. Suppose 5*j - 71 = 2*h + 244, 5*h + 750 = 5*j. Let l = -151 - h. Give t(l).
8
Let b(t) = -44*t - 889. Let r(y) = y**3 - 6*y**2 - 3*y + 24. Let s be r(4).